2
Calculate the greatest common divisor of 2637340 and 736108.
652
What is the greatest common divisor of 146 and 39979253?
73
Calculate the greatest common divisor of 2822 and 448120.
34
Calculate the highest common divisor of 15906912 and 27216.
336
Calculate the greatest common factor of 104655330 and 315.
45
What is the highest common factor of 25883 and 293763?
181
What is the highest common factor of 29791308 and 18540?
1236
Calculate the greatest common divisor of 199867 and 1329970.
743
What is the greatest common divisor of 15850458 and 1586?
26
Calculate the highest common factor of 41730623 and 58.
29
Calculate the greatest common factor of 195822 and 104576.
86
Calculate the greatest common divisor of 801546 and 4944.
618
What is the greatest common divisor of 4125870 and 162?
54
Calculate the highest common divisor of 2869213150 and 4450.
4450
What is the highest common factor of 26556147 and 11823?
1689
What is the highest common factor of 7063407 and 10439?
949
Calculate the greatest common factor of 1485171 and 21573.
153
What is the highest common divisor of 41653534 and 26?
26
Calculate the greatest common factor of 1974 and 804788943.
987
Calculate the highest common factor of 4804 and 64452866.
2402
What is the greatest common divisor of 2043880 and 481?
37
What is the highest common factor of 275 and 193324285?
55
Calculate the greatest common factor of 21367280 and 275.
55
Calculate the highest common divisor of 1437 and 5529.
3
Calculate the highest common divisor of 9140594 and 68.
34
What is the highest common factor of 156466990 and 9575?
1915
What is the greatest common divisor of 1201024 and 130432?
128
Calculate the highest common factor of 6033483 and 90.
9
Calculate the greatest common divisor of 2326621 and 33473.
11
Calculate the greatest common divisor of 48558 and 717.
3
What is the greatest common factor of 12135168 and 8280?
1656
Calculate the highest common factor of 20442029 and 107.
107
Calculate the highest common factor of 10599660 and 6426.
54
Calculate the greatest common factor of 5632 and 141770464.
352
Calculate the greatest common factor of 120377 and 7206487.
1241
Calculate the greatest common factor of 133534080 and 48.
48
What is the highest common factor of 312336 and 356?
4
What is the highest common factor of 994 and 391395452?
994
What is the greatest common factor of 52095 and 2050731?
453
What is the greatest common divisor of 35365 and 44680141?
7073
What is the greatest common factor of 823 and 474057053?
823
Calculate the highest common factor of 374568 and 9216.
24
Calculate the highest common factor of 158629 and 147887.
41
What is the highest common factor of 362604 and 109344?
804
Calculate the highest common factor of 109807310 and 178.
178
Calculate the highest common factor of 68 and 132192391.
17
Calculate the highest common divisor of 32198 and 22338.
34
Calculate the greatest common factor of 12 and 59302.
2
What is the greatest common divisor of 2636142 and 186?
6
What is the highest common factor of 159 and 67569?
3
What is the greatest common factor of 732441 and 51?
3
What is the greatest common factor of 9780 and 99896180?
3260
What is the greatest common divisor of 1459130 and 214090?
790
What is the greatest common divisor of 1365 and 1264731?
39
Calculate the highest common factor of 257 and 2446897.
257
What is the greatest common factor of 1599 and 127624302?
39
What is the highest common factor of 3097933537 and 317?
317
What is the highest common factor of 77939 and 480844?
1321
Calculate the highest common divisor of 982869 and 50457.
417
Calculate the greatest common divisor of 8463652 and 63116.
2036
Calculate the highest common divisor of 41154816 and 3360.
96
What is the highest common divisor of 16368 and 33372306?
2046
Calculate the highest common divisor of 14133192 and 5412.
492
Calculate the highest common divisor of 57060839 and 626.
313
Calculate the greatest common factor of 54306 and 11493477.
3879
What is the greatest common divisor of 803400 and 9255?
15
What is the highest common divisor of 4372372 and 898511?
5723
Calculate the greatest common divisor of 5340 and 23388.
12
Calculate the highest common factor of 7680 and 4704960.
960
What is the highest common factor of 8764672 and 368?
16
Calculate the highest common divisor of 1029 and 4233159.
147
Calculate the greatest common divisor of 741 and 4985175.
39
What is the greatest common divisor of 102229914 and 6?
6
Calculate the highest common divisor of 165296992 and 588.
196
What is the greatest common factor of 62 and 19511834?
62
Calculate the greatest common factor of 4713 and 27820839.
4713
What is the greatest common divisor of 2582 and 575131463?
1291
What is the greatest common divisor of 3095088 and 8160?
816
What is the greatest common factor of 56237214 and 66?
66
Calculate the greatest common divisor of 2994905 and 5.
5
What is the highest common divisor of 217360460 and 3860?
3860
What is the greatest common factor of 222271 and 6441?
113
What is the highest common divisor of 17100753 and 552?
69
Calculate the greatest common divisor of 114061 and 409317.
167
What is the greatest common factor of 535 and 1936058?
107
What is the greatest common divisor of 381964148 and 356?
356
Calculate the greatest common factor of 2513 and 4059213.
359
What is the highest common factor of 566345 and 1950?
65
What is the greatest common divisor of 23758 and 8203298?
3394
What is the highest common divisor of 1421 and 4245028613?
1421
Calculate the greatest common divisor of 20466175 and 50.
25
Calculate the highest common divisor of 13994678 and 1028.
514
Calculate the greatest common divisor of 7396753 and 56.
7
What is the greatest common divisor of 889 and 6051016727?
889
Calculate the highest common divisor of 737971 and 13949.
13
What is the greatest common divisor of 1390 and 53830?
10
What is the greatest common divisor of 2604 and 186081840?
2604
What is the highest common divisor of 39401 and 1010011?
961
What is the greatest common factor of 1383 and 61288567?
461
What is the greatest common divisor of 684 and 2165734?
38
What is the highest common divisor of 40971 and 424599?
21
Calculate the highest common factor of 4572 and 2344222134.
2286
Calculate the greatest common factor of 15 and 134200530.
15
What is the highest common divisor of 121 and 18470771?
121
What is the greatest common factor of 83361 and 796811?
751
What is the highest common divisor of 2290 and 623539978?
458
What is the greatest common divisor of 680520 and 2508?
12
What is the highest common divisor of 22819 and 200089?
19
Calculate the highest common factor of 14542041 and 139.
139
What is the greatest common divisor of 72 and 17482455?
9
Calculate the greatest common factor of 315984483 and 1296.
81
Calculate the greatest common factor of 9312 and 51469752.
2328
Calculate the highest common divisor of 259 and 611777.
1
What is the greatest common divisor of 94367 and 752726?
221
Calculate the greatest common divisor of 42 and 385800387.
21
Calculate the greatest common divisor of 1328483 and 1079.
13
Calculate the highest common divisor of 189093590 and 1988.
994
Calculate the highest common divisor of 115 and 48255.
5
Calculate the greatest common divisor of 2152 and 170803702.
538
Calculate the greatest common factor of 1423290 and 173415.
165
What is the greatest common factor of 8838 and 22228552?
982
Calculate the highest common factor of 9675 and 5236325.
1075
What is the highest common factor of 2740 and 3439796?
548
What is the greatest common divisor of 4700 and 29514825?
1175
Calculate the highest common factor of 44077 and 233471862.
4007
What is the greatest common factor of 13230872 and 23841?
883
Calculate the greatest common divisor of 8597262 and 12.
6
What is the highest common divisor of 263360 and 14760?
40
Calculate the highest common factor of 484020 and 16020.
180
What is the greatest common factor of 400 and 806808?
8
What is the greatest common divisor of 1186064 and 6080336?
4688
What is the highest common divisor of 104410 and 467990?
530
What is the greatest common divisor of 2332269 and 326439?
3933
What is the highest common factor of 22 and 470414?
2
What is the highest comm